{"id":37,"date":"2023-07-26T11:50:42","date_gmt":"2023-07-26T09:50:42","guid":{"rendered":"https:\/\/news.uni-goettingen.de\/diversitaetsforschung\/?page_id=37"},"modified":"2023-07-26T11:50:42","modified_gmt":"2023-07-26T09:50:42","slug":"impressum","status":"publish","type":"page","link":"https:\/\/news.uni-goettingen.de\/diversitaetsforschung\/impressum\/","title":{"rendered":"Impressum"},"content":{"rendered":"\n<p>Georg-August-Universit\u00e4t G\u00f6ttingen<br>Wilhelmsplatz 1<br>37073 G\u00f6ttingen<br>T 0551 39-0<br><a href=\"mailto:pressestelle@uni-goettingen.de\">pressestelle@uni-goettingen.de<\/a><\/p>\n\n\n\n<p>Die Georg-August-Universit\u00e4t G\u00f6ttingen ist eine K\u00f6rperschaft des \u00f6ffentlichen Rechts. Sie wird durch Prof. Dr. Metin Tolan gesetzlich vertreten, der beauftragt ist, das Amt des Pr\u00e4sidenten wahrzunehmen.<\/p>\n\n\n\n<p><strong>Zust\u00e4ndige Aufsichtsbeh\u00f6rde:<\/strong><br>Georg-August-Universit\u00e4t G\u00f6ttingen Stiftung \u00d6ffentlichen Rechts, Stiftungsausschuss Universit\u00e4t (\u00a7\u00a7 59 Abs. 2, 60 Abs. 2 Satz 2 Nr. 7, 60 a Abs. 1 NHG), Wilhelmsplatz 1, 37073 G\u00f6ttingen<\/p>\n\n\n\n<p><strong>Umsatzsteuer-Identifikationsnummer<\/strong> gem\u00e4\u00df \u00a7 27 a Umsatzsteuergesetz: DE 286 005 408<\/p>\n\n\n\n<p><strong>Inhaltlich verantwortlich:<\/strong> Prof. Dr. Andrea D. B\u00fchrmann (Institut f\u00fcr Diversit\u00e4tsforschung),  T 0551 39-27277, Platz der G\u00f6ttinger Sieben 3, 37073 G\u00f6ttingen.<\/p>\n\n\n\n<p>Newsletter-Redaktion: Elena Futter-Buck und Nyasha L\u00f6hmann Yamegni, <a>ebuck@uni-goettingen.de<\/a><\/p>\n","protected":false},"excerpt":{"rendered":"<p>Georg-August-Universit\u00e4t G\u00f6ttingenWilhelmsplatz 137073 G\u00f6ttingenT 0551 39-0<a href=\"mailto:pressestelle@uni-goettingen.de\">pressestelle@uni-goettingen.de<\/a><\/p>\n<p>Die Georg-August-Universit\u00e4t G\u00f6ttingen ist eine K\u00f6rperschaft des \u00f6ffentlichen Rechts. Sie wird durch Prof. Dr. Metin Tolan gesetzlich vertreten, der beauftragt ist, das Amt des Pr\u00e4sidenten wahrzunehmen.<\/p>\n<p><strong>Zust\u00e4ndige Aufsichtsbeh\u00f6rde:<\/strong>Georg-August-Universit\u00e4t G\u00f6ttingen Stiftung \u00d6ffentlichen Rechts, Stiftungsausschuss Universit\u00e4t (\u00a7\u00a7 59 Abs. 2, 60 Abs. 2 Satz 2 Nr. &hellip; <a href=\"https:\/\/news.uni-goettingen.de\/diversitaetsforschung\/impressum\/\">Weiterlesen<\/a><\/p>\n","protected":false},"author":1,"featured_media":0,"parent":0,"menu_order":0,"comment_status":"closed","ping_status":"closed","template":"","meta":{"footnotes":""},"_links":{"self":[{"href":"https:\/\/news.uni-goettingen.de\/diversitaetsforschung\/wp-json\/wp\/v2\/pages\/37"}],"collection":[{"href":"https:\/\/news.uni-goettingen.de\/diversitaetsforschung\/wp-json\/wp\/v2\/pages"}],"about":[{"href":"https:\/\/news.uni-goettingen.de\/diversitaetsforschung\/wp-json\/wp\/v2\/types\/page"}],"author":[{"embeddable":true,"href":"https:\/\/news.uni-goettingen.de\/diversitaetsforschung\/wp-json\/wp\/v2\/users\/1"}],"replies":[{"embeddable":true,"href":"https:\/\/news.uni-goettingen.de\/diversitaetsforschung\/wp-json\/wp\/v2\/comments?post=37"}],"version-history":[{"count":1,"href":"https:\/\/news.uni-goettingen.de\/diversitaetsforschung\/wp-json\/wp\/v2\/pages\/37\/revisions"}],"predecessor-version":[{"id":38,"href":"https:\/\/news.uni-goettingen.de\/diversitaetsforschung\/wp-json\/wp\/v2\/pages\/37\/revisions\/38"}],"wp:attachment":[{"href":"https:\/\/news.uni-goettingen.de\/diversitaetsforschung\/wp-json\/wp\/v2\/media?parent=37"}],"curies":[{"name":"wp","href":"https:\/\/api.w.org\/{rel}","templated":true}]}}

<p>Georg-August-Universität Göttingen<br>Wilhelmsplatz 1<br>37073 Göttingen<br>T 0551 39-0<br><a href="mailto:pressestelle@uni-goettingen.de">pressestelle@uni-goettingen.de</a></p>



<p>Die Georg-August-Universität Göttingen ist eine Körperschaft des öffentlichen Rechts. Sie wird durch Prof. Dr. Metin Tolan gesetzlich vertreten, der beauftragt ist, das Amt des Präsidenten wahrzunehmen.</p>



<p><strong>Zuständige Aufsichtsbehörde:</strong><br>Georg-August-Universität Göttingen Stiftung Öffentlichen Rechts, Stiftungsausschuss Universität (§§ 59 Abs. 2, 60 Abs. 2 Satz 2 Nr. 7, 60 a Abs. 1 NHG), Wilhelmsplatz 1, 37073 Göttingen</p>



<p><strong>Umsatzsteuer-Identifikationsnummer</strong> gemäß § 27 a Umsatzsteuergesetz: DE 286 005 408</p>



<p><strong>Inhaltlich verantwortlich:</strong> Prof. Dr. Andrea D. Bührmann (Institut für Diversitätsforschung),  T 0551 39-27277, Platz der Göttinger Sieben 3, 37073 Göttingen.</p>



<p>Newsletter-Redaktion: Elena Futter-Buck und Nyasha Löhmann Yamegni, <a>ebuck@uni-goettingen.de</a></p>

<p>Georg-August-Universität GöttingenWilhelmsplatz 137073 GöttingenT 0551 39-0<a href="mailto:pressestelle@uni-goettingen.de">pressestelle@uni-goettingen.de</a></p>
<p>Die Georg-August-Universität Göttingen ist eine Körperschaft des öffentlichen Rechts. Sie wird durch Prof. Dr. Metin Tolan gesetzlich vertreten, der beauftragt ist, das Amt des Präsidenten wahrzunehmen.</p>
<p><strong>Zuständige Aufsichtsbehörde:</strong>Georg-August-Universität Göttingen Stiftung Öffentlichen Rechts, Stiftungsausschuss Universität (§§ 59 Abs. 2, 60 Abs. 2 Satz 2 Nr. &hellip; <a href="https://news.uni-goettingen.de/diversitaetsforschung/impressum/">Weiterlesen</a></p>
